{"id":471,"date":"2025-02-12T00:35:31","date_gmt":"2025-02-12T00:35:31","guid":{"rendered":"https:\/\/ferrazedomingos.adv.br?page_id=471"},"modified":"2025-11-21T22:14:04","modified_gmt":"2025-11-21T22:14:04","slug":"sobre-a-advogada","status":"publish","type":"page","link":"https:\/\/diegoferrazadv.com.br\/?page_id=471","title":{"rendered":"Sobre N\u00f3s"},"content":{"rendered":"\t\t<div data-elementor-type=\"wp-page\" data-elementor-id=\"471\" class=\"elementor elementor-471\">\n\t\t\t\t<div class=\"elementor-element elementor-element-591a9dd e-flex e-con-boxed wpr-particle-no wpr-jarallax-no wpr-parallax-no wpr-sticky-section-no wpr-equal-height-no e-con e-parent\" data-id=\"591a9dd\" data-element_type=\"container\" data-e-type=\"container\" data-settings=\"{&quot;background_background&quot;:&quot;classic&quot;,&quot;shape_divider_bottom&quot;:&quot;triangle&quot;}\">\n\t\t\t\t\t<div class=\"e-con-inner\">\n\t\t\t\t<div class=\"elementor-shape elementor-shape-bottom\" aria-hidden=\"true\" data-negative=\"false\">\n\t\t\t<svg xmlns=\"http:\/\/www.w3.org\/2000\/svg\" viewBox=\"0 0 1000 100\" preserveAspectRatio=\"none\">\n\t<path class=\"elementor-shape-fill\" d=\"M500,98.9L0,6.1V0h1000v6.1L500,98.9z\"\/>\n<\/svg>\t\t<\/div>\n\t\t\t\t\t<\/div>\n\t\t\t\t<\/div>\n\t\t<div class=\"elementor-element elementor-element-55ae39e e-con-full textoanimado2 e-flex wpr-particle-no wpr-jarallax-no wpr-parallax-no wpr-sticky-section-no wpr-equal-height-no e-con e-parent\" data-id=\"55ae39e\" data-element_type=\"container\" data-e-type=\"container\" data-settings=\"{&quot;background_background&quot;:&quot;classic&quot;}\">\n\t\t\t\t<div class=\"elementor-element elementor-element-738a86d textoanimado elementor-widget elementor-widget-heading\" data-id=\"738a86d\" data-element_type=\"widget\" data-e-type=\"widget\" data-widget_type=\"heading.default\">\n\t\t\t\t\t<h2 class=\"elementor-heading-title elementor-size-default\">Diego Ferraz Advocacia \u2022 Diego Ferraz Advocacia \u2022 Diego Ferraz Advocacia \u2022 Diego Ferraz Advocacia \u2022 Diego Ferraz Advocacia \u2022 Diego Ferraz Advocacia \u2022 Diego Ferraz Advocacia \u2022<\/h2>\t\t\t\t<\/div>\n\t\t\t\t<\/div>\n\t\t<div class=\"elementor-element elementor-element-bc40181 e-flex e-con-boxed wpr-particle-no wpr-jarallax-no wpr-parallax-no wpr-sticky-section-no wpr-equal-height-no e-con e-parent\" data-id=\"bc40181\" data-element_type=\"container\" data-e-type=\"container\" data-settings=\"{&quot;background_background&quot;:&quot;classic&quot;,&quot;shape_divider_top&quot;:&quot;triangle&quot;}\">\n\t\t\t\t\t<div class=\"e-con-inner\">\n\t\t\t\t<div class=\"elementor-shape elementor-shape-top\" aria-hidden=\"true\" data-negative=\"false\">\n\t\t\t<svg xmlns=\"http:\/\/www.w3.org\/2000\/svg\" viewBox=\"0 0 1000 100\" preserveAspectRatio=\"none\">\n\t<path class=\"elementor-shape-fill\" d=\"M500,98.9L0,6.1V0h1000v6.1L500,98.9z\"\/>\n<\/svg>\t\t<\/div>\n\t\t<div class=\"elementor-element elementor-element-95c4cc4 e-con-full e-flex wpr-particle-no wpr-jarallax-no wpr-parallax-no wpr-sticky-section-no wpr-equal-height-no e-con e-child\" data-id=\"95c4cc4\" data-element_type=\"container\" data-e-type=\"container\" data-settings=\"{&quot;background_background&quot;:&quot;slideshow&quot;,&quot;background_slideshow_gallery&quot;:[{&quot;id&quot;:1167,&quot;url&quot;:&quot;https:\\\/\\\/diegoferrazadv.com.br\\\/wp-content\\\/uploads\\\/2025\\\/03\\\/a1377846-a8c4-4ab2-bb27-e469b83a3423.jpg&quot;}],&quot;background_slideshow_slide_duration&quot;:679,&quot;background_slideshow_transition_duration&quot;:585,&quot;background_slideshow_ken_burns&quot;:&quot;yes&quot;,&quot;background_slideshow_loop&quot;:&quot;yes&quot;,&quot;background_slideshow_slide_transition&quot;:&quot;fade&quot;,&quot;background_slideshow_ken_burns_zoom_direction&quot;:&quot;in&quot;}\">\n\t\t\t\t<\/div>\n\t\t<div class=\"elementor-element elementor-element-4ad4fec e-con-full e-flex wpr-particle-no wpr-jarallax-no wpr-parallax-no wpr-sticky-section-no wpr-equal-height-no e-con e-child\" data-id=\"4ad4fec\" data-element_type=\"container\" data-e-type=\"container\" data-settings=\"{&quot;background_background&quot;:&quot;classic&quot;}\">\n\t\t\t\t<div class=\"elementor-element elementor-element-eea41e6 elementor-widget__width-inherit animated-slow elementor-widget-mobile__width-initial elementor-invisible elementor-widget elementor-widget-heading\" data-id=\"eea41e6\" data-element_type=\"widget\" data-e-type=\"widget\" data-settings=\"{&quot;_animation&quot;:&quot;fadeIn&quot;}\" data-widget_type=\"heading.default\">\n\t\t\t\t\t<h2 class=\"elementor-heading-title elementor-size-default\">SOBRE DIEGO FERRAZ E ASSOCIADOS<\/h2>\t\t\t\t<\/div>\n\t\t\t\t<div class=\"elementor-element elementor-element-571ea5e elementor-widget-divider--view-line elementor-invisible elementor-widget elementor-widget-divider\" data-id=\"571ea5e\" data-element_type=\"widget\" data-e-type=\"widget\" data-settings=\"{&quot;_animation&quot;:&quot;slideInLeft&quot;,&quot;_animation_delay&quot;:500}\" data-widget_type=\"divider.default\">\n\t\t\t\t\t\t\t<div class=\"elementor-divider\">\n\t\t\t<span class=\"elementor-divider-separator\">\n\t\t\t\t\t\t<\/span>\n\t\t<\/div>\n\t\t\t\t\t\t<\/div>\n\t\t\t\t<div class=\"elementor-element elementor-element-fe4e348 elementor-invisible elementor-widget elementor-widget-text-editor\" data-id=\"fe4e348\" data-element_type=\"widget\" data-e-type=\"widget\" data-settings=\"{&quot;_animation&quot;:&quot;slideInLeft&quot;,&quot;_animation_delay&quot;:600}\" data-widget_type=\"text-editor.default\">\n\t\t\t\t\t\t\t\t\t<p data-start=\"1993\" data-end=\"2223\"><strong data-start=\"1993\" data-end=\"2009\">Diego Ferraz<\/strong>, advogado e pesquisador jur\u00eddico, atua com foco em oferecer uma advocacia moderna, t\u00e9cnica e estrat\u00e9gica.<br data-start=\"2115\" data-end=\"2118\" \/>Seu trabalho \u00e9 pautado pela \u00e9tica, transpar\u00eancia e busca constante pela melhor solu\u00e7\u00e3o para cada cliente.<\/p><p data-start=\"2225\" data-end=\"2266\"><strong data-start=\"2225\" data-end=\"2266\">Forma\u00e7\u00e3o Acad\u00eamica e Especializa\u00e7\u00f5es:<\/strong><\/p><ul data-start=\"2267\" data-end=\"2717\"><li data-start=\"2267\" data-end=\"2302\"><p data-start=\"2269\" data-end=\"2302\">Bacharel em Direito \u2014 <strong data-start=\"2291\" data-end=\"2300\">UNESA<\/strong><\/p><\/li><li data-start=\"2303\" data-end=\"2354\"><p data-start=\"2305\" data-end=\"2354\">Mestrando em <strong data-start=\"2318\" data-end=\"2344\">Direito Constitucional<\/strong> \u2014 UNESA<\/p><\/li><li data-start=\"2355\" data-end=\"2423\"><p data-start=\"2357\" data-end=\"2423\">Especialista em <strong data-start=\"2373\" data-end=\"2394\">Seguran\u00e7a P\u00fablica<\/strong> \u2014 Instituto Rog\u00e9rio Grecco<\/p><\/li><li data-start=\"2424\" data-end=\"2486\"><p data-start=\"2426\" data-end=\"2486\">Especialista em <strong data-start=\"2442\" data-end=\"2476\">Direito Penal e Processo Penal<\/strong> \u2014 UNESA<\/p><\/li><li data-start=\"2487\" data-end=\"2557\"><p data-start=\"2489\" data-end=\"2557\">Especialista em <strong data-start=\"2505\" data-end=\"2528\">Direito Operacional<\/strong> \u2014 Instituto Rog\u00e9rio Grecco<\/p><\/li><li data-start=\"2558\" data-end=\"2602\"><p data-start=\"2560\" data-end=\"2602\">Especialista em <strong data-start=\"2576\" data-end=\"2594\">Direito M\u00e9dico<\/strong> \u2014 PUC<\/p><\/li><li data-start=\"2603\" data-end=\"2675\"><p data-start=\"2605\" data-end=\"2675\">Especializando em <strong data-start=\"2623\" data-end=\"2646\">Crimes Cibern\u00e9ticos<\/strong> \u2014 Instituto Rog\u00e9rio Grecco<\/p><\/li><li data-start=\"2676\" data-end=\"2717\"><p data-start=\"2678\" data-end=\"2717\">Especialista em <strong data-start=\"2694\" data-end=\"2717\">Direito Imobili\u00e1rio<\/strong><\/p><\/li><\/ul><p data-start=\"2719\" data-end=\"2894\">O escrit\u00f3rio <strong data-start=\"2732\" data-end=\"2761\">Diego Ferraz e Associados<\/strong> tem como miss\u00e3o oferecer atendimento jur\u00eddico personalizado, com foco na excel\u00eancia t\u00e9cnica e na confian\u00e7a entre advogado e cliente.<\/p>\t\t\t\t\t\t\t\t<\/div>\n\t\t\t\t<\/div>\n\t\t\t\t\t<\/div>\n\t\t\t\t<\/div>\n\t\t\t\t<\/div>\n\t\t","protected":false},"excerpt":{"rendered":"<p>Diego Ferraz Advocacia \u2022 Diego Ferraz Advocacia \u2022 Diego Ferraz Advocacia \u2022 Diego Ferraz Advocacia \u2022 Diego Ferraz Advocacia \u2022 Diego Ferraz Advocacia \u2022 Diego Ferraz Advocacia \u2022 SOBRE DIEGO FERRAZ E ASSOCIADOS Diego Ferraz, advogado e pesquisador jur\u00eddico, atua com foco em oferecer uma advocacia moderna, t\u00e9cnica e estrat\u00e9gica.Seu trabalho \u00e9 pautado pela \u00e9tica, transpar\u00eancia e busca constante pela melhor solu\u00e7\u00e3o para cada cliente. Forma\u00e7\u00e3o Acad\u00eamica e Especializa\u00e7\u00f5es: Bacharel em Direito \u2014 UNESA Mestrando em Direito Constitucional \u2014 UNESA Especialista em Seguran\u00e7a P\u00fablica \u2014 Instituto Rog\u00e9rio Grecco Especialista em Direito Penal e Processo Penal \u2014 UNESA Especialista em Direito Operacional \u2014 Instituto Rog\u00e9rio Grecco Especialista em Direito M\u00e9dico \u2014 PUC Especializando em Crimes Cibern\u00e9ticos \u2014 Instituto Rog\u00e9rio Grecco Especialista em Direito Imobili\u00e1rio O escrit\u00f3rio Diego Ferraz e Associados tem como miss\u00e3o oferecer atendimento jur\u00eddico personalizado, com foco na excel\u00eancia t\u00e9cnica e na confian\u00e7a entre advogado e cliente.<\/p>\n","protected":false},"author":1,"featured_media":0,"parent":0,"menu_order":0,"comment_status":"closed","ping_status":"closed","template":"elementor_header_footer","meta":{"footnotes":""},"class_list":["post-471","page","type-page","status-publish","hentry"],"_hostinger_reach_plugin_has_subscription_block":false,"_hostinger_reach_plugin_is_elementor":false,"_links":{"self":[{"href":"https:\/\/diegoferrazadv.com.br\/index.php?rest_route=\/wp\/v2\/pages\/471","targetHints":{"allow":["GET"]}}],"collection":[{"href":"https:\/\/diegoferrazadv.com.br\/index.php?rest_route=\/wp\/v2\/pages"}],"about":[{"href":"https:\/\/diegoferrazadv.com.br\/index.php?rest_route=\/wp\/v2\/types\/page"}],"author":[{"embeddable":true,"href":"https:\/\/diegoferrazadv.com.br\/index.php?rest_route=\/wp\/v2\/users\/1"}],"replies":[{"embeddable":true,"href":"https:\/\/diegoferrazadv.com.br\/index.php?rest_route=%2Fwp%2Fv2%2Fcomments&post=471"}],"version-history":[{"count":26,"href":"https:\/\/diegoferrazadv.com.br\/index.php?rest_route=\/wp\/v2\/pages\/471\/revisions"}],"predecessor-version":[{"id":2599,"href":"https:\/\/diegoferrazadv.com.br\/index.php?rest_route=\/wp\/v2\/pages\/471\/revisions\/2599"}],"wp:attachment":[{"href":"https:\/\/diegoferrazadv.com.br\/index.php?rest_route=%2Fwp%2Fv2%2Fmedia&parent=471"}],"curies":[{"name":"wp","href":"https:\/\/api.w.org\/{rel}","templated":true}]}}